{"id":9791,"date":"2021-11-11T01:00:48","date_gmt":"2021-11-11T01:00:48","guid":{"rendered":"http:\/\/tafep.pt\/en\/?page_id=9791"},"modified":"2023-05-15T02:25:38","modified_gmt":"2023-05-15T02:25:38","slug":"2019-edicoes-limitadas-2","status":"publish","type":"page","link":"http:\/\/tafep.pt\/en\/tafep\/members\/2019-edicoes-limitadas-2\/","title":{"rendered":"2019 &#8211; Edi\u00e7\u00f5es Limitadas"},"content":{"rendered":"<p>[vc_row full_width=&#8221;stretch_row_content_no_spaces&#8221; parallax=&#8221;content-moving&#8221; css=&#8221;.vc_custom_1456145516199{padding-top: 250px !important;padding-bottom: 250px !important;background-color: #eaeaea !important;}&#8221;][vc_column width=&#8221;1\/3&#8243;][vc_single_image image=&#8221;9742&#8243; img_size=&#8221;100&#215;125&#8243;][vc_row_inner][vc_column_inner][\/vc_column_inner][\/vc_row_inner][vc_column_text]<strong>Oh Oh Oh Svir Madura o Queijo da Edi\u00e7\u00e3o Limitada<\/strong><br \/>\n<em>Gon\u00e7alo Coelho<\/em><br \/>\nAccordeon<br \/>\n<strong>2019<\/strong>[\/vc_column_text][\/vc_column][vc_column width=&#8221;1\/3&#8243;][vc_row_inner][vc_column_inner][\/vc_column_inner][\/vc_row_inner][vc_column_text]<\/p>\n<p><strong><a href=\"http:\/\/tafep.pt\/wp-content\/uploads\/2023\/05\/WhatsApp-Image-2023-03-08-at-19.40.19-1.jpeg\"><img loading=\"lazy\" decoding=\"async\" class=\"aligncenter size-thumbnail wp-image-10082\" src=\"http:\/\/tafep.pt\/wp-content\/uploads\/2023\/05\/WhatsApp-Image-2023-03-08-at-19.40.19-1-150x150.jpeg\" alt=\"\" width=\"150\" height=\"150\" \/><\/a>Off Wiedersehen Tsunami P\u00e9zinho da Edi\u00e7\u00e3o Limitada<\/strong><br \/>\n<em>Afonso Guimar\u00e3es<\/em><br \/>\nGuitar<br \/>\n<strong>2019<\/strong>[\/vc_column_text][\/vc_column][vc_column width=&#8221;1\/3&#8243;][vc_single_image image=&#8221;9706&#8243; img_size=&#8221;100&#215;125&#8243;][vc_row_inner][vc_column_inner][\/vc_column_inner][\/vc_row_inner][vc_column_text]<strong>Crash A.AdHoc de Triciclo em Edi\u00e7\u00e3o Limitada<\/strong><br \/>\n<em>Jo\u00e3o Reboredo<\/em><br \/>\nPercussion<br \/>\n<strong>2019<\/strong>[\/vc_column_text][\/vc_column][\/vc_row][vc_row full_width=&#8221;stretch_row_content_no_spaces&#8221; parallax=&#8221;content-moving&#8221; css=&#8221;.vc_custom_1456145516199{padding-top: 250px !important;padding-bottom: 250px !important;background-color: #eaeaea !important;}&#8221;][vc_column width=&#8221;1\/3&#8243;][vc_single_image image=&#8221;9708&#8243; img_size=&#8221;100&#215;125&#8243;][vc_row_inner][vc_column_inner][\/vc_column_inner][\/vc_row_inner][vc_column_text]<\/p>\n<div class=\"cbUserListFieldLine\"><strong>Pensador Lusitano Pastor de Copa\u00e7as da Edi\u00e7\u00e3o Limitada<\/strong><\/div>\n<div class=\"cbUserListFieldLine\">Andr\u00e9 Lessa<\/div>\n<div class=\"cbUserListFieldLine\">Bass<\/div>\n<div class=\"cbUserListFieldLine\">\n<div class=\"cbUserListFieldLine\"><span style=\"color: #ff0000;\"><em><strong>XXII Magister Tunae<\/strong><\/em><\/span><\/div>\n<\/div>\n<div class=\"cbUserListFieldLine\"><strong><span class=\"cbListFieldCont cbUserListFC_cb_entrada\">2019<\/span><\/strong><\/div>\n<p>[\/vc_column_text][\/vc_column][vc_column width=&#8221;1\/3&#8243;][vc_single_image image=&#8221;9710&#8243; img_size=&#8221;100&#215;125&#8243;][vc_row_inner][vc_column_inner][\/vc_column_inner][\/vc_row_inner][vc_column_text]<strong>Bafas, Crashado com Castidade na Edi\u00e7\u00e3o Limitada<\/strong><br \/>\n<em>Afonso Gon\u00e7alves<\/em><br \/>\nBanner\/Tambourine<br \/>\n<strong>2019<\/strong>[\/vc_column_text][\/vc_column][\/vc_row]<\/p>\n","protected":false},"excerpt":{"rendered":"<p>[vc_row full_width=&#8221;stretch_row_content_no_spaces&#8221; parallax=&#8221;content-moving&#8221; css=&#8221;.vc_custom_1456145516199{padding-top: 250px !important;padding-bottom: 250px !important;background-color: #eaeaea !important;}&#8221;][vc_column width=&#8221;1\/3&#8243;][vc_single_image image=&#8221;9742&#8243; img_size=&#8221;100&#215;125&#8243;][vc_row_inner][vc_column_inner][\/vc_column_inner][\/vc_row_inner][vc_column_text]Oh Oh Oh Svir Madura o Queijo da Edi\u00e7\u00e3o Limitada Gon\u00e7alo Coelho Accordeon 2019[\/vc_column_text][\/vc_column][vc_column width=&#8221;1\/3&#8243;][vc_row_inner][vc_column_inner][\/vc_column_inner][\/vc_row_inner][vc_column_text] Off Wiedersehen Tsunami [&hellip;]<\/p>\n","protected":false},"author":1,"featured_media":0,"parent":2808,"menu_order":0,"comment_status":"closed","ping_status":"closed","template":"","meta":{"footnotes":""},"_links":{"self":[{"href":"http:\/\/tafep.pt\/en\/wp-json\/wp\/v2\/pages\/9791"}],"collection":[{"href":"http:\/\/tafep.pt\/en\/wp-json\/wp\/v2\/pages"}],"about":[{"href":"http:\/\/tafep.pt\/en\/wp-json\/wp\/v2\/types\/page"}],"author":[{"embeddable":true,"href":"http:\/\/tafep.pt\/en\/wp-json\/wp\/v2\/users\/1"}],"replies":[{"embeddable":true,"href":"http:\/\/tafep.pt\/en\/wp-json\/wp\/v2\/comments?post=9791"}],"version-history":[{"count":5,"href":"http:\/\/tafep.pt\/en\/wp-json\/wp\/v2\/pages\/9791\/revisions"}],"predecessor-version":[{"id":10103,"href":"http:\/\/tafep.pt\/en\/wp-json\/wp\/v2\/pages\/9791\/revisions\/10103"}],"up":[{"embeddable":true,"href":"http:\/\/tafep.pt\/en\/wp-json\/wp\/v2\/pages\/2808"}],"wp:attachment":[{"href":"http:\/\/tafep.pt\/en\/wp-json\/wp\/v2\/media?parent=9791"}],"curies":[{"name":"wp","href":"https:\/\/api.w.org\/{rel}","templated":true}]}}

2019 &#8211; Edições Limitadas

<p>[vc_row full_width=&#8221;stretch_row_content_no_spaces&#8221; parallax=&#8221;content-moving&#8221; css=&#8221;.vc_custom_1456145516199{padding-top: 250px !important;padding-bottom: 250px !important;background-color: #eaeaea !important;}&#8221;][vc_column width=&#8221;1/3&#8243;][vc_single_image image=&#8221;9742&#8243; img_size=&#8221;100&#215;125&#8243;][vc_row_inner][vc_column_inner][/vc_column_inner][/vc_row_inner][vc_column_text]<strong>Oh Oh Oh Svir Madura o Queijo da Edição Limitada</strong><br />
<em>Gonçalo Coelho</em><br />
Accordeon<br />
<strong>2019</strong>[/vc_column_text][/vc_column][vc_column width=&#8221;1/3&#8243;][vc_row_inner][vc_column_inner][/vc_column_inner][/vc_row_inner][vc_column_text]</p>
<p><strong><a href="http://tafep.pt/wp-content/uploads/2023/05/WhatsApp-Image-2023-03-08-at-19.40.19-1.jpeg"><img loading="lazy" decoding="async" class="aligncenter size-thumbnail wp-image-10082" src="http://tafep.pt/wp-content/uploads/2023/05/WhatsApp-Image-2023-03-08-at-19.40.19-1-150x150.jpeg" alt="" width="150" height="150" /></a>Off Wiedersehen Tsunami Pézinho da Edição Limitada</strong><br />
<em>Afonso Guimarães</em><br />
Guitar<br />
<strong>2019</strong>[/vc_column_text][/vc_column][vc_column width=&#8221;1/3&#8243;][vc_single_image image=&#8221;9706&#8243; img_size=&#8221;100&#215;125&#8243;][vc_row_inner][vc_column_inner][/vc_column_inner][/vc_row_inner][vc_column_text]<strong>Crash A.AdHoc de Triciclo em Edição Limitada</strong><br />
<em>João Reboredo</em><br />
Percussion<br />
<strong>2019</strong>[/vc_column_text][/vc_column][/vc_row][vc_row full_width=&#8221;stretch_row_content_no_spaces&#8221; parallax=&#8221;content-moving&#8221; css=&#8221;.vc_custom_1456145516199{padding-top: 250px !important;padding-bottom: 250px !important;background-color: #eaeaea !important;}&#8221;][vc_column width=&#8221;1/3&#8243;][vc_single_image image=&#8221;9708&#8243; img_size=&#8221;100&#215;125&#8243;][vc_row_inner][vc_column_inner][/vc_column_inner][/vc_row_inner][vc_column_text]</p>
<div class="cbUserListFieldLine"><strong>Pensador Lusitano Pastor de Copaças da Edição Limitada</strong></div>
<div class="cbUserListFieldLine">André Lessa</div>
<div class="cbUserListFieldLine">Bass</div>
<div class="cbUserListFieldLine">
<div class="cbUserListFieldLine"><span style="color: #ff0000;"><em><strong>XXII Magister Tunae</strong></em></span></div>
</div>
<div class="cbUserListFieldLine"><strong><span class="cbListFieldCont cbUserListFC_cb_entrada">2019</span></strong></div>
<p>[/vc_column_text][/vc_column][vc_column width=&#8221;1/3&#8243;][vc_single_image image=&#8221;9710&#8243; img_size=&#8221;100&#215;125&#8243;][vc_row_inner][vc_column_inner][/vc_column_inner][/vc_row_inner][vc_column_text]<strong>Bafas, Crashado com Castidade na Edição Limitada</strong><br />
<em>Afonso Gonçalves</em><br />
Banner/Tambourine<br />
<strong>2019</strong>[/vc_column_text][/vc_column][/vc_row]</p>

<p>[vc_row full_width=&#8221;stretch_row_content_no_spaces&#8221; parallax=&#8221;content-moving&#8221; css=&#8221;.vc_custom_1456145516199{padding-top: 250px !important;padding-bottom: 250px !important;background-color: #eaeaea !important;}&#8221;][vc_column width=&#8221;1/3&#8243;][vc_single_image image=&#8221;9742&#8243; img_size=&#8221;100&#215;125&#8243;][vc_row_inner][vc_column_inner][/vc_column_inner][/vc_row_inner][vc_column_text]Oh Oh Oh Svir Madura o Queijo da Edição Limitada Gonçalo Coelho Accordeon 2019[/vc_column_text][/vc_column][vc_column width=&#8221;1/3&#8243;][vc_row_inner][vc_column_inner][/vc_column_inner][/vc_row_inner][vc_column_text] Off Wiedersehen Tsunami [&hellip;]</p>
